{"id":3,"date":"2026-03-20T11:03:29","date_gmt":"2026-03-20T11:03:29","guid":{"rendered":"http:\/\/rudern-owv.de\/?page_id=3"},"modified":"2026-03-25T07:48:51","modified_gmt":"2026-03-25T07:48:51","slug":"impressum","status":"publish","type":"page","link":"https:\/\/rudern-owv.de\/?page_id=3","title":{"rendered":"Impressum"},"content":{"rendered":"\n<p>Oranienburger Wassersport Verein e.V.<br>Andr\u00e9-Pican-Stra\u00dfe 42.b<br>16515 Oranienburg<br>Vertretungsberechtigter gem. \u00a7 2 Satz 2 TMG: Wolfgang Joppa<br>E-Mail: kontakt@rudern-owv.de<br>Telefon: 0160 8703650<\/p>\n\n\n\n<p>Urheberrecht: Copyright \u00a9 OWV e.V.. Alle Rechte vorbehalten. Alle Texte, Bilder und Grafiken sowie ihre Arrangements unterliegen dem Urheberrecht und anderen Gesetzen zum Schutz geistigen Eigentums. Sie d\u00fcrfen weder kopiert, noch ver\u00e4ndert und auf anderen Internetseiten verwendet werden. Einige Seiten enthalten Bilder, die dem Urheberrecht derjenigen unterliegen, die diese zur Verf\u00fcgung gestellt haben oder es handelt sich dabei um lizenzfreie Grafiken.<\/p>\n\n\n\n<p>Gew\u00e4hrleistung: Der Anbieter \u00fcbernimmt keinerlei Gew\u00e4hr f\u00fcr die Aktualit\u00e4t, Korrektheit, Vollst\u00e4ndigkeit oder Qualit\u00e4t der bereitgestellten Informationen. Der Anbieter beh\u00e4lt es sich ausdr\u00fccklich vor, Teile der Seiten oder das gesamte Angebot ohne gesonderte Ank\u00fcndigung zu ver\u00e4ndern, zu erg\u00e4nzen, zu l\u00f6schen oder die Ver\u00f6ffentlichung zeitweise oder endg\u00fcltig einzustellen.<\/p>\n\n\n\n<p>Verweise und Links: F\u00fcr direkte oder indirekte Verweise auf fremde Internetseiten (Links), die au\u00dferhalb des Verantwortungsbereiches des Anbieters liegen, \u00fcbernimmt dieser keine Haftung. Der Autor erkl\u00e4rt hiermit ausdr\u00fccklich, dass zum Zeitpunkt der Linksetzung die entsprechenden verlinkten Seiten frei von illegalen Inhalten waren. Auf die aktuelle und zuk\u00fcnftige Gestaltung, die Inhalte oder die Urheberschaft der gelinkten\/verkn\u00fcpften Seiten hat der Autor keinen Einfluss. Deshalb distanziert er sich hiermit ausdr\u00fccklich von allen Inhalten aller gelinkten\/verkn\u00fcpften Seiten.<\/p>\n\n\n\n<p>Datenschutz: Sofern innerhalb des Internetangebotes die M\u00f6glichkeit zur Eingabe pers\u00f6nlicher oder gesch\u00e4ftlicher Daten (Emailadressen, Namen, Anschriften) besteht, so erfolgt die Preisgabe dieser Daten seitens des Nutzers auf ausdr\u00fccklich freiwilliger Basis. Die Inanspruchnahme aller angebotenen Dienste ist &#8211; soweit technisch m\u00f6glich und zumutbar &#8211; auch ohne Angabe solcher Daten bzw. unter Angabe anonymisierter Daten oder eines Pseudonyms gestattet.<\/p>\n\n\n\n<p>Keine Abmahnung ohne vorherigen Kontakt !<br>Sollte irgendwelcher Inhalt oder die designtechnische Gestaltung einzelner Seiten oder Teile dieses Internetauftritts Rechte Dritter oder gesetzliche Bestimmungen verletzen oder anderweitig in irgendeiner Form wettbewerbsrechtliche Probleme hervorbringen, so bitten wir unter Berufung auf \u00a7 8 Abs. 4 UWG, um eine angemessene, ausreichend erl\u00e4uternde und schnelle Nachricht ohne Kostennote. Wir garantieren, dass die zu Recht beanstandeten Passagen oder Teile dieser Webseiten in angemessener Frist entfernt bzw. den rechtlichen Vorgaben umf\u00e4nglich angepasst werden, ohne dass von Ihrer Seite die Einschaltung eines Rechtsbeistandes erforderlich ist.<br>Die Einschaltung eines Anwaltes, zur f\u00fcr den Diensteanbieter kostenpflichtigen Abmahnung, entspricht nicht dessen wirklichen oder mutma\u00dflichen Willen und w\u00fcrde damit einen Versto\u00df gegen \u00a7 13 Abs. 5 UWG, wegen der Verfolgung sachfremder Ziele als beherrschendes Motiv der Verfahrenseinleitung, insbesondere einer Kostenerzielungsabsicht als eigentliche Triebfeder, sowie einen Versto\u00df gegen die Schadensminderungspflicht darstellen.<\/p>\n","protected":false},"excerpt":{"rendered":"<p>Oranienburger Wassersport Verein e.V.Andr\u00e9-Pican-Stra\u00dfe 42.b16515 OranienburgVertretungsberechtigter gem. \u00a7 2 Satz 2 TMG: Wolfgang JoppaE-Mail: kontakt@rudern-owv.deTelefon: 0160 8703650<\/p>\n<p>Urheberrecht: Copyright \u00a9 OWV e.V.. Alle Rechte vorbehalten.<\/p>\n","protected":false},"author":1,"featured_media":0,"parent":0,"menu_order":0,"comment_status":"closed","ping_status":"closed","template":"","meta":{"ngg_post_thumbnail":0,"footnotes":""},"class_list":["post-3","page","type-page","status-publish","hentry"],"_links":{"self":[{"href":"https:\/\/rudern-owv.de\/index.php?rest_route=\/wp\/v2\/pages\/3","targetHints":{"allow":["GET"]}}],"collection":[{"href":"https:\/\/rudern-owv.de\/index.php?rest_route=\/wp\/v2\/pages"}],"about":[{"href":"https:\/\/rudern-owv.de\/index.php?rest_route=\/wp\/v2\/types\/page"}],"author":[{"embeddable":true,"href":"https:\/\/rudern-owv.de\/index.php?rest_route=\/wp\/v2\/users\/1"}],"replies":[{"embeddable":true,"href":"https:\/\/rudern-owv.de\/index.php?rest_route=%2Fwp%2Fv2%2Fcomments&post=3"}],"version-history":[{"count":2,"href":"https:\/\/rudern-owv.de\/index.php?rest_route=\/wp\/v2\/pages\/3\/revisions"}],"predecessor-version":[{"id":146,"href":"https:\/\/rudern-owv.de\/index.php?rest_route=\/wp\/v2\/pages\/3\/revisions\/146"}],"wp:attachment":[{"href":"https:\/\/rudern-owv.de\/index.php?rest_route=%2Fwp%2Fv2%2Fmedia&parent=3"}],"curies":[{"name":"wp","href":"https:\/\/api.w.org\/{rel}","templated":true}]}}